5.
5, 11, 164712307
List the prime factors of 1023284873.
13, 71, 73, 15187
What are the prime factors of 5600610435?
3, 5, 7, 53, 223, 4513
What are the prime factors of 352126990?
2, 5, 29, 137, 8863
List the prime factors of 14868106.
2, 11, 675823
List the prime factors of 2555300140.
2, 5, 331, 385997
What are the prime factors of 45508404?
2, 3, 3792367
What are the prime factors of 3697150968?
2, 3, 7, 7335617
List the prime factors of 1014988995.
3, 5, 17, 37, 11953
List the prime factors of 398014551.
3, 11, 4020349
What are the prime factors of 117032636?
2, 7, 59, 70843
What are the prime factors of 156130503?
3, 52043501
What are the prime factors of 2211203423?
11, 13, 401, 38561
List the prime factors of 151333738.
2, 107, 181, 3907
List the prime factors of 118478679.
3, 11, 3590263
List the prime factors of 5553154220.
2, 5, 277657711
What are the prime factors of 87669525?
3, 5, 1168927
What are the prime factors of 5870012477?
7, 853, 20063
What are the prime factors of 547380808?
2, 13, 277, 19001
List the prime factors of 60883875.
3, 5, 13, 23, 181
What are the prime factors of 2462525971?
2462525971
What are the prime factors of 6820811431?
7, 974401633
What are the prime factors of 885149609?
885149609
List the prime factors of 165441976.
2, 7, 173, 17077
What are the prime factors of 2545556?
2, 13, 48953
What are the prime factors of 333181740?
2, 3, 5, 5553029
List the prime factors of 288812831.
109, 181, 14639
What are the prime factors of 35133963?
3, 11711321
List the prime factors of 320868283.
107, 859, 3491
What are the prime factors of 1366694824?
2, 11, 15530623
List the prime factors of 1506900496.
2, 1709, 55109
List the prime factors of 59188118.
2, 11, 17, 14387
What are the prime factors of 216945085?
5, 7, 23, 29, 9293
List the prime factors of 190276194.
2, 3, 23, 1378813
What are the prime factors of 378880304?
2, 11, 2152729
What are the prime factors of 43549217?
97, 269, 1669
List the prime factors of 57720003.
3, 11, 1749091
What are the prime factors of 1654594859?
73, 503, 45061
What are the prime factors of 192344742?
2, 3, 10685819
List the prime factors of 248413237.
101, 103, 23879
List the prime factors of 38852405.
5, 23, 37, 397
What are the prime factors of 119942942?
2, 7, 73, 117361
What are the prime factors of 141660977?
141660977
List the prime factors of 6843015914.
2, 7, 29, 2407817
What are the prime factors of 420600652?
2, 131, 853, 941
What are the prime factors of 1025687667?
3, 341895889
List the prime factors of 24968901.
3, 8322967
List the prime factors of 266211399.
3, 107, 829319
What are the prime factors of 3348257074?
2, 89, 18810433
What are the prime factors of 7147051368?
2, 3, 11897, 25031
List the prime factors of 46971927.
3, 179, 9719
What are the prime factors of 343560422?
2, 59, 571, 5099
What are the prime factors of 294321590?
2, 5, 19, 1549061
What are the prime factors of 254928258?
2, 3, 13, 281, 3877
What are the prime factors of 628700282?
2, 7, 61, 251, 419
What are the prime factors of 849020776?
2, 19, 5585663
What are the prime factors of 188699554?
2, 94349777
List the prime factors of 265089464.
2, 29, 53, 21559
What are the prime factors of 15946983?
3, 13, 45433
List the prime factors of 48631208.
2, 6078901
What are the prime factors of 6452032428?
2, 3, 181, 330061
What are the prime factors of 387154309?
257, 1009, 1493
What are the prime factors of 144179073?
3, 113, 141769
What are the prime factors of 99632742?
2, 3, 11, 1509587
List the prime factors of 16643811.
3, 173, 32069
What are the prime factors of 1546047749?
1546047749
What are the prime factors of 70315870?
2, 5, 379, 18553
List the prime factors of 31664973.
3, 113, 93407
What are the prime factors of 1756115839?
97, 18104287
List the prime factors of 137297012.
2, 59, 581767
What are the prime factors of 51369014?
2, 25684507
What are the prime factors of 115514181?
3, 475367
List the prime factors of 1777438792.
2, 293, 617, 1229
List the prime factors of 44442176.
2, 694409
List the prime factors of 772455272.
2, 31, 101, 30839
What are the prime factors of 778832368?
2, 48677023
List the prime factors of 1715960428.
2, 7, 13, 362629
List the prime factors of 222747605.
5, 53, 840557
What are the prime factors of 62742967?
7, 8963281
What are the prime factors of 112959199?
19, 5945221
What are the prime factors of 6125151666?
2, 3, 23, 101, 113, 3889
List the prime factors of 1945077051.
3, 31, 53, 394619
List the prime factors of 19965599.
17, 19, 61813
List the prime factors of 1217667914.
2, 608833957
What are the prime factors of 13414415?
5, 7, 487, 787
List the prime factors of 119036358.
2, 3, 7, 29, 10859
List the prime factors of 636057418.
2, 318028709
What are the prime factors of 1513234122?
2, 3, 252205687
What are the prime factors of 253673633?
4583, 55351
What are the prime factors of 733421706?
2, 3, 122236951
List the prime factors of 3299860094.
2, 23, 239, 300151
What are the prime factors of 1068765308?
2, 13, 20553179
What are the prime factors of 98565984?
2, 3, 11, 3457
List the prime factors of 165171776.
2, 7, 11, 277
What are the prime factors of 395905597?
97, 4081501
What are the prime factors of 2664065911?
13, 131, 1564337
List the prime factors of 344645792.
2, 109, 98809
List the prime factors of 208976983.
31, 823, 8191
List the prime factors of 44943198.
2, 3, 67, 111799
List the prime factors of 35932670.
2, 5, 23, 156229
What are the prime factors of 761314307?
13, 58562639
What are the prime factors of 220112745?
3, 5, 2203, 6661
What are the prime factors of 19394423?
67, 289469
List the prime factors of 70795379.
70795379
List the prime factors of 58421514.
2, 3, 9736919
List the prime factors of 14471323.
14471323
List the prime factors of 66666403.
4517, 14759
What are the prime factors of 101746420?
2, 5, 41, 167, 743
What are the prime factors of 1430288638?
2, 715144319
What are the prime factors of 153437030?
2, 5, 2129, 7207
List the prime factors of 5640166756.
2, 7, 47, 612263
List the prime factors of 357515098.
2, 673, 265613
What are the prime factors of 1377365521?
7, 41, 223, 21521
What are the prime factors of 1765060628?
2, 441265157
What are the prime factors of 89795162?
2, 44897581
What are the prime factors of 989970691?
989970691
List the prime factors of 99320690.
2, 5, 7, 1418867
What are the prime factors of 5474923405?
5, 7, 156426383
What are the prime factors of 92663340?
2, 3, 5, 7, 11, 31, 647
What are the prime factors of 33604849?
3889, 8641
What are the prime factors of 153906979?
153906979
List the prime factors of 95487909.
3, 11, 239, 12107
What are the prime factors of 300456302?
2, 7949, 18899
What are the prime factors of 22779419?
13, 1752263
List the prime factors of 920266203.
3, 306755401
What are the prime factors of 34309758?
2, 3, 7, 816899
List the prime factors of 14479362.
2, 3, 804409
List the prime factors of 6244764.
2, 3, 31, 16787
What are the prime factors of 1065741369?
3, 7, 11, 19, 43, 5647
What are the prime factors of 53487955?
5, 127, 131, 643
List the prime factors of 3112394394.
2, 3, 1493, 347443
List the prime factors of 7953525654.
2, 3, 1325587609
What are the prime factors of 54937516?
2, 13734379
What are the prime factors of 378465286?
2, 189232643
What are the prime factors of 3475450066?
2, 11, 157975003
What are the prime factors of 362129730?
2, 3, 5, 37, 107, 3049
List the prime factors of 8633496.
2, 3, 479, 751
What are the prime factors of 280260263?
29, 67, 144241
What are the prime factors of 90359786?
2, 11, 4107263
List the prime factors of 2711398.
2, 17, 4691
What are the prime factors of 1173745224?
2, 3, 433, 37649
List the prime factors of 157050545.
5, 31410109
What are the prime factors of 3506478?
2, 3, 43, 13591
What are the prime factors of 501312847?
7, 17, 4212713
List the prime factors of 394846472.
2, 49355809
What are the prime factors of 626931099?
3, 43, 61, 26557
List the prime factors of 1407203258.
2, 823, 854923
List the prime factors of 54323164.
2, 7, 47, 5897
List the prime factors of 40594945.
5, 1109, 7321
List the prime factors of 40690214.
2, 17, 79, 15149
List the prime factors of 217701848.
2, 7, 13, 19, 15739
What a